r - 33 = -4*o. Suppose r*m = 138 - 8. What is the units digit of m?
6
Let o be -4 + (1 - -2) + (1 - 664). Let i be 36/2*o/(-16). What is the units digit of (10/12 + 1/(-2))*i?
9
Let z(x) = x**2 + 11*x - 24. Let j be z(-12). Let h be (-2050)/j - (-9)/54. Let s = h - 104. What is the units digit of s?
7
Let d = -38 + 29. Let r(i) = -i - 23. Let j be r(d). What is the units digit of 9*((-14)/49 + (-18)/j)?
9
Suppose -32 = 15*o + 43. What is the tens digit of (3 + 111 - 8) + o?
0
Let t(d) = -40*d - 90. Let c be t(-22). Suppose 3*z - 3*n = -n + c, 3*z = 4*n + 788. What is the tens digit of z?
6
Let h(n) = n**3 - 4*n**2 + 6*n - 95. Let a be h(7). Let f(d) = -d**2 - 8*d - 9. Let v be f(-6). Suppose v*z - z = a. What is the tens digit of z?
4
Suppose 2*a - 5*z - 18527 = 0, -11915 = -a - 5*z - 2629. What is the hundreds digit of a?
2
Let z be ((-2)/2 + 0)*0. Let x be ((-4)/((-24)/(-30)))/(3/(-99)). Suppose 5*v = -0*i - 2*i + x, -5*v + 5 = z. What is the units digit of i?
0
Suppose -14*i + 840 = -6*i. Let s = -105 + i. What is the hundreds digit of (147 + s)*(6 + -5)?
1
Let m = -3 - -36. Suppose 0 = 2*i - 43 + m. Suppose 0 = -i*k - 27 + 47. What is the units digit of k?
4
Let m(b) = 6*b**2 - 4*b - 7. Suppose 19*p + 90 = 4*p. Let h be m(p). Suppose h = o - 0*q - 2*q, -8 = -2*q. What is the hundreds digit of o?
2
Let r(h) = 146*h**2 - 4*h - 4. Let j(x) = -48*x**2 + x + 1. Let v(u) = -7*j(u) - 2*r(u). What is the units digit of v(3)?
0
Suppose -3*d = -4*o + 20 - 89, d = 3*o + 28. Suppose d*f = 18*f + 169. What is the tens digit of f?
6
Let i be (1/(-2))/(2/232). Suppose -112*z + 71*z - 20910 = 0. What is the tens digit of (-145)/i + z/(-4)?
3
Let h(d) = 45*d**2 + 799*d - 31. What is the ten thousands digit of h(20)?
3
What is the ten thousands digit of ((-90)/(-135))/(16/(-6)) - (-51337)/4?
1
Let h(c) = -126*c - 102. Let i be h(-28). Suppose -8*y = 522 - i. What is the units digit of y?
3
Suppose 4*y = -2*g + 2, 4*g - 1 = -2*y + 3. Suppose y*b = 13*b - 3484. What is the tens digit of b?
6
Let b(v) = 3*v**2 - 60*v + 418. What is the units digit of b(59)?
1
Let n(z) = z**3 + 30*z**2 + 58*z + 176. What is the hundreds digit of n(-21)?
9
Let a = 604 - 600. What is the hundreds digit of a - -126*(-6)/(-12)*17?
0
Let i = -8916 + 13736. What is the tens digit of i?
2
Suppose 3*l - 12 = 0, 648*m - 4*l = 646*m + 24508. What is the ten thousands digit of m?
1
Let w be 5*(-2 + 1)*-185. Let l = 9198 - 8627. Suppose -3*q - 5*n + w = 2*q, 3*q - l = n. What is the tens digit of q?
8
Suppose -76*u + 62896 + 1543440 = 0. What is the hundreds digit of u?
1
Let p(f) = f**3 + 4*f**2 - 7*f + 6. Let v be p(7). Let b = 345 - v. What is the tens digit of (-7)/21*(b + 1)?
5
Suppose s - 2*w + 2 = 12, -3*s - 5*w = -41. Let d(a) = -a**3 + 10*a**2 + 42*a - 11. What is the units digit of d(s)?
5
Suppose 5716 + 105128 = 5*g + 7*g. What is the thousands digit of g?
9
Let z be ((-7)/(-3))/(1/3). Suppose z*x + 126 = 14*x. Suppose 0 = -x*b + 15*b + 249. What is the units digit of b?
3
Let b(l) = -89*l + 49. Let s be b(23). What is the hundreds digit of s/6*(-1)/1?
3
Let z be 17/17 + (2 - -1). Suppose -c + z*g = -371, 4*c - 350 = -4*g + 1154. What is the units digit of c?
5
Suppose -9*c = -74246 + 28715. What is the units digit of c?
9
Let l = 42 - 21. Suppose l*r = 16*r + 10. Suppose -3*k - 3*t = -r*k - 67, -5*k - 3*t = -335. What is the units digit of k?
7
Let r(u) = 72*u**2 + 51*u + 70. Let q be r(-26). Suppose 45*n - 4109 = q. What is the tens digit of n?
4
Let x(q) = 12*q - 7. Let w be x(2). Suppose 0 = -11*l + w*l + 24. What is the tens digit of (-372)/l - -1 - 4?
9
Let i be (-2427)/(-12) + 1 - 3/12. Let y = -166 - -83. Let l = i + y. What is the hundreds digit of l?
1
Let n = -65385 - -102947. What is the units digit of n?
2
Suppose 37 + 134 = 3*m. Suppose -59*g = -m*g - 298. Suppose g + 199 = 4*y. What is the tens digit of y?
8
Let b(y) = -125*y - 145. Let a be b(-8). What is the tens digit of a + (34/(-8) - (-1)/4)?
5
Let a = -5 - -3. Let g be a*19*5/(-10). Let i(s) = 3*s**2 - 47*s + 10. What is the hundreds digit of i(g)?
2
What is the ten thousands digit of (159640/(-14))/((-570)/1995)?
3
Suppose 3*p - 1335 = 1602. Let o = p + -25. What is the tens digit of o?
5
Suppose 148*c - 547945 = 888395. What is the thousands digit of c?
9
Suppose -41*r + 757249 + 932361 = 0. What is the thousands digit of r?
1
Let n(x) = 12*x - 11. Let o be n(2). Suppose 14 = -9*l - o. What is the hundreds digit of (-7)/l + -3 - (-969)/9?
1
Let t(n) be the second derivative of 17*n**4/6 - n**3/2 + n**2/2 - n + 2. What is the hundreds digit of t(-3)?
3
Suppose 0 = 25*r - 1981 - 4569. Let b = 235 + -51. Let q = r - b. What is the units digit of q?
8
Let k = -333 - -335. What is the tens digit of (2 - (2 + k))/(14/(-5523))?
8
Let w(n) = n**3 + 2*n - 35. Let a be w(0). Let x be ((-4)/14)/(5/a). Suppose s = 2*s + x*k - 155, 5*k = 5*s - 820. What is the units digit of s?
1
Suppose -4*n = -39 + 171. Let i = 727 + n. What is the units digit of i?
4
Let d(c) = 2*c**2 - 29*c - 28. Let a be d(-1). Suppose -t = a*n - 135 - 682, 3*t + 2*n = 2423. What is the units digit of t?
5
Suppose -8*l = 13482 + 6854. Let r = -1791 - l. What is the units digit of r?
1
Suppose -9927 + 823 = 4*s. Let r = s + 3353. What is the hundreds digit of r?
0
Suppose 0 = -609*n + 614*n. Suppose n = -6*a + 1062 + 498. What is the tens digit of a?
6
Let i be (0*(-10)/100)/(-3). Let v(d) = d**2 - 5*d + 1171. What is the tens digit of v(i)?
7
Let d(i) = i**3 + 6*i**2 - 6*i + 10. Let z be d(-7). Let h = 611 - 359. Suppose -z*c = -c - h. What is the hundreds digit of c?
1
Let q be (10/6 + -3)/(6/(-9)). Suppose s - 2*s - 3*i = q, -6 = -5*s + i. Suppose -s = -4*j + 23. What is the units digit of j?
6
Suppose -54*v + 1306555 = -0*v - 11*v. What is the thousands digit of v?
0
Let y = 627 - 484. Let j = 213 - y. What is the tens digit of j?
7
Let r = -1081 - -1329. Let s be (18/(-2))/(4/(-72)). Let a = r - s. What is the tens digit of a?
8
Let f(n) = -14*n + 16. Let g be f(1). Suppose -688 = -y + 3*b - 143, -2*y + 1074 = g*b. What is the hundreds digit of y?
5
Let w(v) = -v**3 + 7*v**2 - 3*v - 9. Let r be w(4). Let j(i) = 23*i + 3. What is the tens digit of j(r)?
2
Suppose 0 = 6*s - 26 - 40. Suppose s - 14 = -a. What is the tens digit of (-83)/(-3) - ((-10)/a + 3)?
2
Let t(l) = 252*l**2 + 65*l - 489. What is the tens digit of t(8)?
5
Let p(r) be the first derivative of 9*r**5/40 + r**4/12 - 5*r**3 + 1. Let w(t) be the third derivative of p(t). What is the tens digit of w(2)?
5
Let p(o) = o**3 + 2*o**2 - 50*o + 13. Let w(y) = y**3 + 3*y**2 - 49*y + 12. Let g(u) = 3*p(u) - 4*w(u). What is the units digit of g(-12)?
3
Let u(h) = -80*h - 40. Let x(k) = -2*k**2 - 18*k + 37. Let l be x(-11). What is the hundreds digit of u(l)?
5
Let k = 23598 - 1727. What is the units digit of k?
1
Suppose 24 = 5*q - 1. Let r be (1166/55)/(13/65). Suppose 0 = -q*c + r + 199. What is the tens digit of c?
6
Let t(d) = d**2 + 14*d + 8. Let j be t(-14). Suppose 10*m = j*m - 50170. What is the tens digit of 2/(-12) - m/174?
4
Let b = 160 - 177. Let t(r) = r**3 + 17*r**2 - 10*r - 25. What is the units digit of t(b)?
5
Suppose -5*m = -4*m - 23. Suppose -15 = -4*j - m. What is the units digit of j/((1/3)/(2/(-6)))?
2
Let d = -296 + 297. What is the hundreds digit of 3*(-209)/171*(-258)/d?
9
Let s be 35/(-28) + 2/8. Let z = 736 - 715. What is the units digit of 3690/z + (5/(-7) - s)?
6
Let d(r) be the third derivative of -9*r**4/8 + 5*r**3/6 + r**2. Let t(i) = i**3 - 15*i**2 + 49*i + 8. Let s be t(10). What is the units digit of d(s)?
9
Suppose -38118 = -93*f + 90*f. What is the units digit of f?
6
Let n(p) = 10*p + 151. Let a be n(-17). What is the hundreds digit of a/76 + 17187/12?
4
Suppose 264087 - 79808 = 18*b - 263309. What is the thousands digit of b?
4
What is the thousands digit of 8704 - ((-66)/4)/((-411)/274)?
8
Suppose 3*r - 2*m = 10252, 14*r + 5*m = 16*r - 6853. What is the tens digit of r?
1
Suppose 2*d = 3*k + 2360, 3*k + 3147 = -k + 3*d. Let h = -337 - k. What is the units digit of h?
9
Suppose 74*m - 10409330 = -16*m - 2929160. What is the tens digit of m?
1
Let y = -7 - -8. Let p be ((5 - 1) + -8)*(y - 2). Suppose p*f - 65 = -2*h - 5, 0 = -5*h + 5*f + 75. What is